ber?
True
Is 14477 composite?
True
Is 24217 prime?
False
Is 661387 a prime number?
False
Is 1069 composite?
False
Is 175405 prime?
False
Is 12842 prime?
False
Is 14857 a composite number?
True
Is 11347 a composite number?
True
Is 115963 composite?
False
Is 10111 composite?
False
Is 220855 a prime number?
False
Is 68207 a prime number?
True
Is 124595 a composite number?
True
Is 2767 a composite number?
False
Is 103893 prime?
False
Is 91621 a prime number?
True
Is 438799 a prime number?
False
Is 110183 a composite number?
False
Is 31567 a composite number?
False
Is 1279753 a prime number?
True
Is 46919 prime?
True
Is 71387 a composite number?
False
Is 910709 prime?
True
Is 125591 a prime number?
True
Is 281963 composite?
True
Is 39971 a prime number?
True
Is 253 composite?
True
Is 302261 prime?
True
Is 365963 a prime number?
False
Is 20269 prime?
True
Is 12601 composite?
False
Is 79333 composite?
False
Is 32117 a prime number?
True
Is 91507 a composite number?
True
Is 15839 prime?
False
Is 11665 prime?
False
Is 334037 composite?
True
Is 29119 prime?
False
Is 1361 a composite number?
False
Is 1101 a prime number?
False
Is 182591 a composite number?
True
Is 3773137 composite?
False
Is 119321 a composite number?
False
Is 38639 a composite number?
False
Is 56149 prime?
True
Is 38011 a composite number?
False
Is 30907 composite?
True
Is 121879 composite?
True
Is 3359 prime?
True
Is 686267 composite?
False
Is 107233 a composite number?
True
Is 2031 a prime number?
False
Is 15685 prime?
False
Is 110543 prime?
True
Is 15389 prime?
False
Is 7061 prime?
False
Is 5259 prime?
False
Is 699 composite?
True
Is 3259 a composite number?
False
Is 77601 a composite number?
True
Is 25727 prime?
False
Is 1853 a prime number?
False
Is 54019 composite?
True
Is 197305 a prime number?
False
Is 70051 a composite number?
False
Is 51877 prime?
False
Is 275763 a composite number?
True
Is 454187 a composite number?
True
Is 5371 a composite number?
True
Is 5591 composite?
False
Is 21811 prime?
False
Is 338833 composite?
True
Is 546841 composite?
False
Is 9719 a prime number?
True
Is 1856665 prime?
False
Is 41563 prime?
False
Is 1125253 prime?
True
Is 99103 composite?
False
Is 763 a composite number?
True
Is 1388641 composite?
False
Is 543157 prime?
True
Is 10799 prime?
True
Is 941 a prime number?
True
Is 77921 composite?
True
Is 11335 a prime number?
False
Is 84514 prime?
False
Is 5731 a prime number?
False
Is 1722485 composite?
True
Is 102719 a prime number?
False
Is 185203 composite?
True
Is 1089505 a composite number?
True
Is 2166877 prime?
True
Is 45613 composite?
False
Is 25913 a composite number?
False
Is 54133 prime?
True
Is 3907 composite?
False
Is 9739 prime?
True
Is 12659 a prime number?
True
Is 5435 a prime number?
False
Is 106087 prime?
True
Is 28151 a composite number?
False
Is 145649 prime?
False
Is 40333 composite?
True
Is 10495 a composite number?
True
Is 24223 a prime number?
True
Is 3043 prime?
False
Is 9029 a composite number?
False
Is 10391 a prime number?
True
Is 46353 prime?
False
Is 39499 prime?
True
Is 53717 a prime number?
True
Is 8741 a prime number?
True
Is 7789 composite?
False
Is 2665343 a composite number?
False
Is 977 a prime number?
True
Is 187813 prime?
False
Is 886741 prime?
True
Is 31121 a prime number?
True
Is 590257 prime?
False
Is 141743 prime?
False
Is 603569 prime?
True
Is 181979 a prime number?
False
Is 4469 a composite number?
True
Is 141529 composite?
False
Is 609391 prime?
True
Is 157769 a composite number?
False
Is 3037 a prime number?
True
Is 130319 a composite number?
True
Is 130709 a prime number?
False
Is 177623 prime?
True
Is 38945 prime?
False
Is 357137 prime?
False
Is 631 a composite number?
False
Is 529213 prime?
True
Is 2337299 a prime number?
True
Is 17026 a prime number?
False
Is 7795 a prime number?
False
Is 182447 a composite number?
True
Is 339847 a composite number?
True
Is 6239 a composite number?
True
Is 2005019 composite?
False
Is 3581 prime?
True
Is 73105 a prime number?
False
Is 1182619 a composite number?
True
Is 227639 a prime number?
False
Is 51893 prime?
True
Is 1172317 composite?
False
Is 2076271 a prime number?
True
Is 22849 prime?
False
Is 4105 composite?
True
Is 1657 composite?
False
Is 883087 prime?
True
Is 56837 a prime number?
False
Is 5723 prime?
False
Is 138815 composite?
True
Is 177491 a prime number?
False
Is 172273 a prime number?
False
Is 11057 a composite number?
False
Is 674 prime?
False
Is 30551 a composite number?
True
Is 253567 a composite number?
False
Is 730049 prime?
True
Is 3203 a composite number?
False
Is 325169 a composite number?
True
Is 53501 a composite number?
True
Is 67139 composite?
False
Is 26318 composite?
True
Is 19174 prime?
False
Is 100907 composite?
False
Is 44911 composite?
True
Is 2187217 composite?
False
Is 504129 prime?
False
Is 116351 a composite number?
False
Is 147217 a prime number?
False
Is 24655 a composite number?
True
Is 10189 a composite number?
True
Is 37039 composite?
False
Is 6241 a prime number?
False
Is 631 a composite number?
False
Is 295045 prime?
False
Is 72763 a composite number?
False
Is 5359 a prime number?
False
Is 14821 prime?
True
Is 4341 prime?
False
Is 96043 prime?
True
Is 5533 composite?
True
Is 26759 a composite number?
False
Is 22343 composite?
False
Is 28051 composite?
False
Is 361091 a composite number?
False
Is 41579 prime?
True
Is 41159 a prime number?
False
Is 34373 a prime number?
False
Is 16161 a composite number?
True
Is 58973 a prime number?
False
Is 502693 a prime number?
False
Is 115043 prime?
False
Is 275287 composite?
True
Is 98047 prime?
True
Is 23559 prime?
False
Is 81881 composite?
True
Is 487381 a composite number?
False
Is 4969 composite?
False
Is 72139 a prime number?
True
Is 92893 a composite number?
False
Is 17698 a prime number?
False
Is 1041297 prime?
False
Is 1637 a prime number?
True
Is 25163 a prime number?
True
Is 570005 composite?
True
Is 620801 a prime number?
False
Is 170621 prime?
False
Is 6109 prime?
False
Is 24281 a prime number?
True
Is 1550401 prime?
True
Is 12839 prime?
False
Is 30599 prime?
False
Is 248243 composite?
False
Is 933241 a composite number?
False
Is 24243 prime?
False
Is 343493 a composite number?
True
Is 3049 prime?
True
Is 115133 composite?
False
Is 1657 a composite number?
False
Is 21233 composite?
True
Is 2368577 a prime number?
True
Is 152159 composite?
True
Is 3943 a composite number?
False
Is 3439 a prime number?
False
Is 41711 composite?
True
Is 224061 a prime number?
False
Is 4531 a prime number?
False
Is 4992589 a composite number?
True
Is 38087 prime?
False
Is 18087 a prime number?
False
Is 205879 a composite number?
False
Is 2927 composite?
False
Is 52714 a prime number?
False
Is 335893 a prime number?
True
Is 13165 a prime number?
False
Is 20239 composite?
True
Is 75917 a prime number?
False
Is 17567 prime?
False
Is 8351 prime?
False
Is 56521 prime?
False
Is 1390339 composite?
False
Is 19531 a composite number?
False
Is 5381 a composite number?
False
Is 1979 a prime number?
True
Is 27179 a prime number?
True
Is 121883 composite?
False
Is 125803 composite?
False
Is 5261 a prime number?
True
Is 1216022 a composite number?
True
Is 18919 a composite number?
False
Is 56923 a composite number?
False
Is 534073 a composite number?
False
Is 58963 composite?
False
Is 2264527 a composite number?
True
Is 2411 prime?
True
Is 14503 composite?
False
Is 172849 composite?
False
Is 57733 prime?
False
Is 20287 composite?
False
Is 19717 a prime number?
True
Is 32719 composite?
False
Is 1763 a composite number?
True
Is 388327 a composite number?
True
Is 83417 a composite number?
False
Is 743135 a prime number?
False
Is 2609 prime?
True
Is 95815 prime?
False
Is 901333 a prime number?
True
Is 1189849 a composite number?
True
Is 65051 composite?
True
Is 67121 prime?
True
Is 29059 prime?
True
Is 1621465 prime?
False
Is 1026119 composite?
False
Is 1714031 a prime number?
False
Is 4367 a composite number?
True
Is 400823 a composite number?
False
Is 1259 prime?
True
Is 4771 composite?
True
Is 156817 a composite number?
False
Is 11149 prime?
True
Is 7621 prime?
True
Is 4771 a prime number?
False
Is 307511 prime?
True
Is 6487 a prime number?
False
Is 49711 a composite number?
False
Is 33407 composite?
Tr